{"id":224,"date":"2021-03-20T12:05:11","date_gmt":"2021-03-20T12:05:11","guid":{"rendered":"https:\/\/kindergartenwiki.de\/?page_id=224"},"modified":"2026-01-04T08:00:27","modified_gmt":"2026-01-04T08:00:27","slug":"wochenplan-jahresplan","status":"publish","type":"page","link":"https:\/\/kiga-prappach.de\/?page_id=224","title":{"rendered":"Unsere Woche \/ unser Jahr"},"content":{"rendered":"\t\t<div data-elementor-type=\"wp-page\" data-elementor-id=\"224\" class=\"elementor elementor-224\">\n\t\t\t\t\t\t<section class=\"elementor-section elementor-top-section elementor-element elementor-element-42bc2a8f elementor-section-boxed elementor-section-height-default elementor-section-height-default\" data-id=\"42bc2a8f\" data-element_type=\"section\">\n\t\t\t\t\t\t<div class=\"elementor-container elementor-column-gap-default\">\n\t\t\t\t\t<div class=\"elementor-column elementor-col-100 elementor-top-column elementor-element elementor-element-1a59efe1\" data-id=\"1a59efe1\" data-element_type=\"column\">\n\t\t\t<div class=\"elementor-widget-wrap elementor-element-populated\">\n\t\t\t\t\t\t<div class=\"elementor-element elementor-element-eb79ba5 elementor-widget elementor-widget-text-editor\" data-id=\"eb79ba5\" data-element_type=\"widget\" data-widget_type=\"text-editor.default\">\n\t\t\t\t<div class=\"elementor-widget-container\">\n\t\t\t\t\t\t\t\t\t<p><span style=\"text-decoration: underline; color: #000000;\"><span style=\"font-size: 18pt;\"><strong>Unsere Woche<\/strong><\/span><\/span><\/p>\t\t\t\t\t\t\t\t<\/div>\n\t\t\t\t<\/div>\n\t\t\t\t\t<\/div>\n\t\t<\/div>\n\t\t\t\t\t<\/div>\n\t\t<\/section>\n\t\t\t\t<section class=\"elementor-section elementor-top-section elementor-element elementor-element-d42dabc elementor-section-boxed elementor-section-height-default elementor-section-height-default\" data-id=\"d42dabc\" data-element_type=\"section\">\n\t\t\t\t\t\t<div class=\"elementor-container elementor-column-gap-default\">\n\t\t\t\t\t<div class=\"elementor-column elementor-col-33 elementor-top-column elementor-element elementor-element-0f9e789\" data-id=\"0f9e789\" data-element_type=\"column\">\n\t\t\t<div class=\"elementor-widget-wrap elementor-element-populated\">\n\t\t\t\t\t\t<div class=\"elementor-element elementor-element-68464e4 elementor-widget elementor-widget-text-editor\" data-id=\"68464e4\" data-element_type=\"widget\" data-widget_type=\"text-editor.default\">\n\t\t\t\t<div class=\"elementor-widget-container\">\n\t\t\t\t\t\t\t\t\t<p><span style=\"color: #000000;\">Montag<\/span><\/p><p><span style=\"color: #000000;\">Dienstag<\/span><\/p><p><span style=\"color: #000000;\">\u00a0<\/span><\/p><p><span style=\"color: #000000;\">Mittwoch<\/span><\/p><p><span style=\"color: #000000;\">\u00a0<\/span><\/p><p><span style=\"color: #000000;\">Donnerstag<\/span><\/p><p><span style=\"color: #000000;\">\u00a0<\/span><\/p><p><span style=\"color: #000000;\">Freitag<\/span><\/p>\t\t\t\t\t\t\t\t<\/div>\n\t\t\t\t<\/div>\n\t\t\t\t\t<\/div>\n\t\t<\/div>\n\t\t\t\t<div class=\"elementor-column elementor-col-66 elementor-top-column elementor-element elementor-element-e0f6767\" data-id=\"e0f6767\" data-element_type=\"column\">\n\t\t\t<div class=\"elementor-widget-wrap elementor-element-populated\">\n\t\t\t\t\t\t<div class=\"elementor-element elementor-element-c357f84 elementor-widget elementor-widget-text-editor\" data-id=\"c357f84\" data-element_type=\"widget\" data-widget_type=\"text-editor.default\">\n\t\t\t\t<div class=\"elementor-widget-container\">\n\t\t\t\t\t\t\t\t\t<p><span style=\"color: #000000;\">Wir kommen im Kindergarten an.\u00a0<\/span><\/p><p><strong><span style=\"color: #000000;\">Turntag:<br \/><\/span><\/strong><span style=\"color: #000000;\">Wir turnen in Kleingruppen im Nebenraum.<\/span><\/p><p><strong><span style=\"color: #000000;\">Koch- und Backtag:<\/span><\/strong><br \/><span style=\"color: #000000;\">Wir besprechen an den Tagen davor mit den Kindern, was sie gerne essen m\u00f6chten. <\/span><br \/><span style=\"color: #000000;\">An diesem Tag bereiten wir das Essen mit den Kindern gemeinsam zu.<\/span><\/p><p><span style=\"color: #000000;\"><strong>einmal im Monat &#8211; gesundes Fr\u00fchst\u00fcck<\/strong><br \/>Wir h\u00e4ngen vorab eine Liste aus, in die die Eltern sich eintragen k\u00f6nnen,\u00a0<br \/>um etwas mitzubringen. Wir schneiden dann mit den Kindern gemeinsam<br \/>Obst und Gem\u00fcse, belegen Broten, richten den Tisch und essen gemeinsam.<\/span><\/p><p><span style=\"color: #000000;\">Wir schlie\u00dfen angefangene Angebote ab und lassen die Woche in Ruhe ausklingen.\u00a0\u00a0<\/span><\/p>\t\t\t\t\t\t\t\t<\/div>\n\t\t\t\t<\/div>\n\t\t\t\t\t<\/div>\n\t\t<\/div>\n\t\t\t\t\t<\/div>\n\t\t<\/section>\n\t\t\t\t<section class=\"elementor-section elementor-top-section elementor-element elementor-element-aaebb69 elementor-section-boxed elementor-section-height-default elementor-section-height-default\" data-id=\"aaebb69\" data-element_type=\"section\">\n\t\t\t\t\t\t<div class=\"elementor-container elementor-column-gap-default\">\n\t\t\t\t\t<div class=\"elementor-column elementor-col-100 elementor-top-column elementor-element elementor-element-5002cfc\" data-id=\"5002cfc\" data-element_type=\"column\">\n\t\t\t<div class=\"elementor-widget-wrap elementor-element-populated\">\n\t\t\t\t\t\t<div class=\"elementor-element elementor-element-f0e4ed4 elementor-widget elementor-widget-text-editor\" data-id=\"f0e4ed4\" data-element_type=\"widget\" data-widget_type=\"text-editor.default\">\n\t\t\t\t<div class=\"elementor-widget-container\">\n\t\t\t\t\t\t\t\t\t<h3><span style=\"text-decoration: underline; color: #000000;\">Unser Jahr<\/span><\/h3>\n<p><span style=\"color: #000000;\">Jedes Kindergartenjahr \u00fcberlegen wir uns ein Jahresthema. Zu diesem h\u00f6ren wir Geschichten, \u00fcberlegen uns Bastelangebote, Spiele und Lieder.&nbsp;<\/span><\/p>\n<p><span style=\"color: #000000;\">Im Jahreslauf haben wir immer wiederkehrende Aktionen. <\/span><br><span style=\"color: #000000;\">Einige betreffen nur Ihr Kind im Kindergarten, wie z.B. ein Besuch des Zahnarztes, Ausfl\u00fcge mit den Vorschulkindern, z.B. ins Theater, die Weihnachtsfeier, Nikolaus, Fasching, &#8230; .&nbsp;<\/span><\/p>\n<p><span style=\"color: #000000;\">An zwei Terminen w\u00e4re es uns sehr wichtig, dass Sie mit ihrem Kind teilnehmen: der Martinsumzug und unser Kindergartenfest. Die Kinder bereiten sich hier intensiv auf den Tag vor und wollen Ihnen zeigen, was sie gelernt haben und mit Ihnen gemeinsam feiern.<\/span><\/p>\n<p><span style=\"color: #000000;\">Bei den weiteren Aktionen k\u00f6nnen Sie frei entscheiden, ob Sie Zeit und Lust haben teilzunehmen, wie z.B. ein gemeinsamer Wandertag, die Teilnahme am Stra\u00dfenfestumzug, der Erntedankgottesdienst, die Seniorenfeier, etc..<\/span><\/p>\n<p><span style=\"color: #000000;\">Auch findet einmal im Jahr ein Oma-, OpaTag statt. Hierzu sind alle Gro\u00dfeltern unserer Kinder herzlich eingeladen, einen Tag mit den Kindern im Kindergarten zu verbringen. &nbsp;<\/span><\/p>\t\t\t\t\t\t\t\t<\/div>\n\t\t\t\t<\/div>\n\t\t\t\t\t<\/div>\n\t\t<\/div>\n\t\t\t\t\t<\/div>\n\t\t<\/section>\n\t\t\t\t<\/div>\n\t\t","protected":false},"excerpt":{"rendered":"<p>Unsere Woche Montag Dienstag \u00a0 Mittwoch \u00a0 Donnerstag \u00a0 Freitag Wir kommen im Kindergarten an.\u00a0 Turntag:Wir turnen in Kleingruppen im &hellip; <\/p>\n","protected":false},"author":1,"featured_media":0,"parent":0,"menu_order":0,"comment_status":"closed","ping_status":"closed","template":"","meta":{"inline_featured_image":false,"footnotes":""},"class_list":["post-224","page","type-page","status-publish","hentry","gallery-content-unit"],"yoast_head":"<!-- This site is optimized with the Yoast SEO plugin v26.6 - https:\/\/yoast.com\/wordpress\/plugins\/seo\/ -->\n<title>Unsere Woche \/ unser Jahr - Kindergarten St. Michael<\/title>\n<meta name=\"robots\" content=\"index, follow, max-snippet:-1, max-image-preview:large, max-video-preview:-1\" \/>\n<link rel=\"canonical\" href=\"https:\/\/kiga-prappach.de\/?page_id=224\" \/>\n<meta property=\"og:locale\" content=\"de_DE\" \/>\n<meta property=\"og:type\" content=\"article\" \/>\n<meta property=\"og:title\" content=\"Unsere Woche \/ unser Jahr - Kindergarten St. Michael\" \/>\n<meta property=\"og:description\" content=\"Unsere Woche Montag Dienstag \u00a0 Mittwoch \u00a0 Donnerstag \u00a0 Freitag Wir kommen im Kindergarten an.\u00a0 Turntag:Wir turnen in Kleingruppen im &hellip;\" \/>\n<meta property=\"og:url\" content=\"https:\/\/kiga-prappach.de\/?page_id=224\" \/>\n<meta property=\"og:site_name\" content=\"Kindergarten St. Michael\" \/>\n<meta property=\"article:modified_time\" content=\"2026-01-04T08:00:27+00:00\" \/>\n<meta name=\"twitter:card\" content=\"summary_large_image\" \/>\n<meta name=\"twitter:label1\" content=\"Gesch\u00e4tzte Lesezeit\" \/>\n\t<meta name=\"twitter:data1\" content=\"2\u00a0Minuten\" \/>\n<script type=\"application\/ld+json\" class=\"yoast-schema-graph\">{\"@context\":\"https:\/\/schema.org\",\"@graph\":[{\"@type\":\"WebPage\",\"@id\":\"https:\/\/kiga-prappach.de\/?page_id=224\",\"url\":\"https:\/\/kiga-prappach.de\/?page_id=224\",\"name\":\"Unsere Woche \/ unser Jahr - Kindergarten St. Michael\",\"isPartOf\":{\"@id\":\"https:\/\/kiga-prappach.de\/#website\"},\"datePublished\":\"2021-03-20T12:05:11+00:00\",\"dateModified\":\"2026-01-04T08:00:27+00:00\",\"breadcrumb\":{\"@id\":\"https:\/\/kiga-prappach.de\/?page_id=224#breadcrumb\"},\"inLanguage\":\"de\",\"potentialAction\":[{\"@type\":\"ReadAction\",\"target\":[\"https:\/\/kiga-prappach.de\/?page_id=224\"]}]},{\"@type\":\"BreadcrumbList\",\"@id\":\"https:\/\/kiga-prappach.de\/?page_id=224#breadcrumb\",\"itemListElement\":[{\"@type\":\"ListItem\",\"position\":1,\"name\":\"Startseite\",\"item\":\"https:\/\/kiga-prappach.de\/\"},{\"@type\":\"ListItem\",\"position\":2,\"name\":\"Unsere Woche \/ unser Jahr\"}]},{\"@type\":\"WebSite\",\"@id\":\"https:\/\/kiga-prappach.de\/#website\",\"url\":\"https:\/\/kiga-prappach.de\/\",\"name\":\"Kindergarten St. Michael\",\"description\":\"\",\"publisher\":{\"@id\":\"https:\/\/kiga-prappach.de\/#organization\"},\"potentialAction\":[{\"@type\":\"SearchAction\",\"target\":{\"@type\":\"EntryPoint\",\"urlTemplate\":\"https:\/\/kiga-prappach.de\/?s={search_term_string}\"},\"query-input\":{\"@type\":\"PropertyValueSpecification\",\"valueRequired\":true,\"valueName\":\"search_term_string\"}}],\"inLanguage\":\"de\"},{\"@type\":\"Organization\",\"@id\":\"https:\/\/kiga-prappach.de\/#organization\",\"name\":\"Kindergarten St. Michael\",\"url\":\"https:\/\/kiga-prappach.de\/\",\"logo\":{\"@type\":\"ImageObject\",\"inLanguage\":\"de\",\"@id\":\"https:\/\/kiga-prappach.de\/#\/schema\/logo\/image\/\",\"url\":\"https:\/\/kiga-prappach.de\/wp-content\/uploads\/2021\/02\/cropped-cropped-Icon-Website-e1614960864949.jpg\",\"contentUrl\":\"https:\/\/kiga-prappach.de\/wp-content\/uploads\/2021\/02\/cropped-cropped-Icon-Website-e1614960864949.jpg\",\"width\":50,\"height\":50,\"caption\":\"Kindergarten St. Michael\"},\"image\":{\"@id\":\"https:\/\/kiga-prappach.de\/#\/schema\/logo\/image\/\"}}]}<\/script>\n<!-- \/ Yoast SEO plugin. -->","yoast_head_json":{"title":"Unsere Woche \/ unser Jahr - Kindergarten St. Michael","robots":{"index":"index","follow":"follow","max-snippet":"max-snippet:-1","max-image-preview":"max-image-preview:large","max-video-preview":"max-video-preview:-1"},"canonical":"https:\/\/kiga-prappach.de\/?page_id=224","og_locale":"de_DE","og_type":"article","og_title":"Unsere Woche \/ unser Jahr - Kindergarten St. Michael","og_description":"Unsere Woche Montag Dienstag \u00a0 Mittwoch \u00a0 Donnerstag \u00a0 Freitag Wir kommen im Kindergarten an.\u00a0 Turntag:Wir turnen in Kleingruppen im &hellip;","og_url":"https:\/\/kiga-prappach.de\/?page_id=224","og_site_name":"Kindergarten St. Michael","article_modified_time":"2026-01-04T08:00:27+00:00","twitter_card":"summary_large_image","twitter_misc":{"Gesch\u00e4tzte Lesezeit":"2\u00a0Minuten"},"schema":{"@context":"https:\/\/schema.org","@graph":[{"@type":"WebPage","@id":"https:\/\/kiga-prappach.de\/?page_id=224","url":"https:\/\/kiga-prappach.de\/?page_id=224","name":"Unsere Woche \/ unser Jahr - Kindergarten St. Michael","isPartOf":{"@id":"https:\/\/kiga-prappach.de\/#website"},"datePublished":"2021-03-20T12:05:11+00:00","dateModified":"2026-01-04T08:00:27+00:00","breadcrumb":{"@id":"https:\/\/kiga-prappach.de\/?page_id=224#breadcrumb"},"inLanguage":"de","potentialAction":[{"@type":"ReadAction","target":["https:\/\/kiga-prappach.de\/?page_id=224"]}]},{"@type":"BreadcrumbList","@id":"https:\/\/kiga-prappach.de\/?page_id=224#breadcrumb","itemListElement":[{"@type":"ListItem","position":1,"name":"Startseite","item":"https:\/\/kiga-prappach.de\/"},{"@type":"ListItem","position":2,"name":"Unsere Woche \/ unser Jahr"}]},{"@type":"WebSite","@id":"https:\/\/kiga-prappach.de\/#website","url":"https:\/\/kiga-prappach.de\/","name":"Kindergarten St. Michael","description":"","publisher":{"@id":"https:\/\/kiga-prappach.de\/#organization"},"potentialAction":[{"@type":"SearchAction","target":{"@type":"EntryPoint","urlTemplate":"https:\/\/kiga-prappach.de\/?s={search_term_string}"},"query-input":{"@type":"PropertyValueSpecification","valueRequired":true,"valueName":"search_term_string"}}],"inLanguage":"de"},{"@type":"Organization","@id":"https:\/\/kiga-prappach.de\/#organization","name":"Kindergarten St. Michael","url":"https:\/\/kiga-prappach.de\/","logo":{"@type":"ImageObject","inLanguage":"de","@id":"https:\/\/kiga-prappach.de\/#\/schema\/logo\/image\/","url":"https:\/\/kiga-prappach.de\/wp-content\/uploads\/2021\/02\/cropped-cropped-Icon-Website-e1614960864949.jpg","contentUrl":"https:\/\/kiga-prappach.de\/wp-content\/uploads\/2021\/02\/cropped-cropped-Icon-Website-e1614960864949.jpg","width":50,"height":50,"caption":"Kindergarten St. Michael"},"image":{"@id":"https:\/\/kiga-prappach.de\/#\/schema\/logo\/image\/"}}]}},"jetpack_sharing_enabled":true,"_links":{"self":[{"href":"https:\/\/kiga-prappach.de\/index.php?rest_route=\/wp\/v2\/pages\/224","targetHints":{"allow":["GET"]}}],"collection":[{"href":"https:\/\/kiga-prappach.de\/index.php?rest_route=\/wp\/v2\/pages"}],"about":[{"href":"https:\/\/kiga-prappach.de\/index.php?rest_route=\/wp\/v2\/types\/page"}],"author":[{"embeddable":true,"href":"https:\/\/kiga-prappach.de\/index.php?rest_route=\/wp\/v2\/users\/1"}],"replies":[{"embeddable":true,"href":"https:\/\/kiga-prappach.de\/index.php?rest_route=%2Fwp%2Fv2%2Fcomments&post=224"}],"version-history":[{"count":41,"href":"https:\/\/kiga-prappach.de\/index.php?rest_route=\/wp\/v2\/pages\/224\/revisions"}],"predecessor-version":[{"id":1110,"href":"https:\/\/kiga-prappach.de\/index.php?rest_route=\/wp\/v2\/pages\/224\/revisions\/1110"}],"wp:attachment":[{"href":"https:\/\/kiga-prappach.de\/index.php?rest_route=%2Fwp%2Fv2%2Fmedia&parent=224"}],"curies":[{"name":"wp","href":"https:\/\/api.w.org\/{rel}","templated":true}]}}