{"id":206,"date":"2021-03-20T11:05:41","date_gmt":"2021-03-20T11:05:41","guid":{"rendered":"https:\/\/kindergartenwiki.de\/?page_id=206"},"modified":"2021-05-04T12:28:59","modified_gmt":"2021-05-04T12:28:59","slug":"unsere-leitsaetze","status":"publish","type":"page","link":"https:\/\/kiga-prappach.de\/?page_id=206","title":{"rendered":"Unsere Leits\u00e4tze"},"content":{"rendered":"\n<h3>Hilf mir es selbst zu tun<\/h3>\n\n\n\n<p>&#8222;Hilf mir es selbst zu tun. Zeig mir, wie es geht. <br \/>Tu es nicht f\u00fcr mich, ich kann und will es alleine tun. \u00a0 \u00a0 \u00a0 \u00a0 \u00a0 \u00a0 \u00a0 \u00a0 \u00a0 \u00a0 \u00a0 \u00a0 \u00a0<br \/>Hab Geduld, meine Wege zu begreifen. Sie sind vielleicht enger, <br \/>vielleicht brauche ich mehr Zeit, weil ich mehrere Versuche machen will. <br \/>Mute mir auch Fehler zu, denn aus Ihnen kann ich lernen.&#8220; Maria Montessori<\/p>\n\n\n\n<p>F\u00fcr die Entwicklung eine Kindes ist es wichtig, Hilfestellungen zu geben die es dem Kind erm\u00f6glichen, eigene Erfahrungen zu machen. So kann ein dreij\u00e4hriges wahrscheinlich noch keinen Rei\u00dfverschluss allein schlie\u00dfen und das ist auch in Ordnung so. Wir leiten die Kinder bei uns in der Einrichtung an, damit sie es einmal selbst schaffen k\u00f6nnen. <\/p>\n\n\n\n<p><\/p>\n\n\n\n<h3>Lass mich reifen<\/h3>\n\n\n\n<p>Wir begleiten die Kinder in unserer Einrichtung auf ihrem Weg zu guten Christen, m\u00fcndigen B\u00fcrgern und hilfsbereiten Menschen.<\/p>\n\n\n\n<p><span style=\"text-decoration: underline;\">Daf\u00fcr ist es wichtig:<\/span><\/p>\n<ul>\n<li>sich verbal ausdr\u00fccken zu k\u00f6nnen<\/li>\n<li>Spa\u00df zu haben<\/li>\n<li>Gef\u00fchle zu erkennen und ausdr\u00fccken zu k\u00f6nnen<\/li>\n<li>berechtigten Forderungen stellen zu k\u00f6nnen<\/li>\n<li>sich an Regeln und Grenzen halten zu k\u00f6nnen<\/li>\n<li>nicht immer im Mittelpunkt zu stehen<\/li>\n<li>abwarten zu k\u00f6nnen, bis man an der Reihe ist<\/li>\n<li>nachgeben zu k\u00f6nnen<\/li>\n<li>andere ausreden zu lassen<\/li>\n<li>zu lernen, seine Meinung zu \u00e4u\u00dfern<\/li>\n<li>streiten zu k\u00f6nnen<\/li>\n<li>gemeinsam Lachen zu k\u00f6nnen<\/li>\n<li>ein Nein zu akzeptieren<\/li>\n<li>argumentieren zu k\u00f6nnen &#8230;<\/li>\n<\/ul>\n<p>Jedes Kind reift in seinem Tempo. Uns ist es wichtig, die Kinder hierbei zu unterst\u00fctzen und den Weg mit ihnen gemeinsam zu gehen.\u00a0<\/p>\n<p>\u00a0<\/p>\n\n\n\n<h3>Gib mit Zeit<\/h3>\n\n\n\n<p>Gerade in unserer heutigen, schnelllebigen Zeit ist es umso wichtiger, den Kindern Zeit zu geben &#8211; in jedweder Hinsicht.\u00a0<\/p>\n<p><span style=\"text-decoration: underline;\">Zum Beispiel:\u00a0<\/span><\/p>\n<ul>\n<li>Zeit zum Spielen<\/li>\n<li>Zeit zum Ausprobieren<\/li>\n<li>Zeit zum Streiten<\/li>\n<li>Zeit zum Helfen<\/li>\n<li>Zeit zur Ruhe<\/li>\n<li>Zeit zum Reden<\/li>\n<li>Zeit zum Tr\u00f6sten<\/li>\n<li>Zeit zum Essen<\/li>\n<\/ul>\n\n\n\n<h3><strong>Diese drei Grundgedanken sind in unserer Einrichtung pr\u00e4gend.<\/strong><\/h3>\n<p>Wir sind jedoch kein Waldorfkindergarten und auch kein Montessorikindergarten. Dennoch sind uns Ans\u00e4tze aus den unterschiedlichen Erziehungsstilen wichtig, da diese f\u00fcr uns unumg\u00e4nglich f\u00fcr eine ganzheitliche Erziehung sind.<\/p>\n\n\n\n<p><\/p>\n","protected":false},"excerpt":{"rendered":"<p>F\u00fcr die Entwicklung eine Kindes ist es wichtig, Hilfestellungen zu geben die es dem Kind erm\u00f6glichen, eigene Erfahrungen zu machen. &hellip; <\/p>\n","protected":false},"author":1,"featured_media":0,"parent":0,"menu_order":0,"comment_status":"closed","ping_status":"closed","template":"","meta":{"inline_featured_image":false,"footnotes":""},"class_list":["post-206","page","type-page","status-publish","hentry","gallery-content-unit"],"yoast_head":"<!-- This site is optimized with the Yoast SEO plugin v26.6 - https:\/\/yoast.com\/wordpress\/plugins\/seo\/ -->\n<title>Unsere Leits\u00e4tze - Kindergarten St. Michael<\/title>\n<meta name=\"robots\" content=\"index, follow, max-snippet:-1, max-image-preview:large, max-video-preview:-1\" \/>\n<link rel=\"canonical\" href=\"https:\/\/kiga-prappach.de\/?page_id=206\" \/>\n<meta property=\"og:locale\" content=\"de_DE\" \/>\n<meta property=\"og:type\" content=\"article\" \/>\n<meta property=\"og:title\" content=\"Unsere Leits\u00e4tze - Kindergarten St. Michael\" \/>\n<meta property=\"og:description\" content=\"F\u00fcr die Entwicklung eine Kindes ist es wichtig, Hilfestellungen zu geben die es dem Kind erm\u00f6glichen, eigene Erfahrungen zu machen. &hellip;\" \/>\n<meta property=\"og:url\" content=\"https:\/\/kiga-prappach.de\/?page_id=206\" \/>\n<meta property=\"og:site_name\" content=\"Kindergarten St. Michael\" \/>\n<meta property=\"article:modified_time\" content=\"2021-05-04T12:28:59+00:00\" \/>\n<meta name=\"twitter:card\" content=\"summary_large_image\" \/>\n<meta name=\"twitter:label1\" content=\"Gesch\u00e4tzte Lesezeit\" \/>\n\t<meta name=\"twitter:data1\" content=\"2\u00a0Minuten\" \/>\n<script type=\"application\/ld+json\" class=\"yoast-schema-graph\">{\"@context\":\"https:\/\/schema.org\",\"@graph\":[{\"@type\":\"WebPage\",\"@id\":\"https:\/\/kiga-prappach.de\/?page_id=206\",\"url\":\"https:\/\/kiga-prappach.de\/?page_id=206\",\"name\":\"Unsere Leits\u00e4tze - Kindergarten St. Michael\",\"isPartOf\":{\"@id\":\"https:\/\/kiga-prappach.de\/#website\"},\"datePublished\":\"2021-03-20T11:05:41+00:00\",\"dateModified\":\"2021-05-04T12:28:59+00:00\",\"breadcrumb\":{\"@id\":\"https:\/\/kiga-prappach.de\/?page_id=206#breadcrumb\"},\"inLanguage\":\"de\",\"potentialAction\":[{\"@type\":\"ReadAction\",\"target\":[\"https:\/\/kiga-prappach.de\/?page_id=206\"]}]},{\"@type\":\"BreadcrumbList\",\"@id\":\"https:\/\/kiga-prappach.de\/?page_id=206#breadcrumb\",\"itemListElement\":[{\"@type\":\"ListItem\",\"position\":1,\"name\":\"Startseite\",\"item\":\"https:\/\/kiga-prappach.de\/\"},{\"@type\":\"ListItem\",\"position\":2,\"name\":\"Unsere Leits\u00e4tze\"}]},{\"@type\":\"WebSite\",\"@id\":\"https:\/\/kiga-prappach.de\/#website\",\"url\":\"https:\/\/kiga-prappach.de\/\",\"name\":\"Kindergarten St. Michael\",\"description\":\"\",\"publisher\":{\"@id\":\"https:\/\/kiga-prappach.de\/#organization\"},\"potentialAction\":[{\"@type\":\"SearchAction\",\"target\":{\"@type\":\"EntryPoint\",\"urlTemplate\":\"https:\/\/kiga-prappach.de\/?s={search_term_string}\"},\"query-input\":{\"@type\":\"PropertyValueSpecification\",\"valueRequired\":true,\"valueName\":\"search_term_string\"}}],\"inLanguage\":\"de\"},{\"@type\":\"Organization\",\"@id\":\"https:\/\/kiga-prappach.de\/#organization\",\"name\":\"Kindergarten St. Michael\",\"url\":\"https:\/\/kiga-prappach.de\/\",\"logo\":{\"@type\":\"ImageObject\",\"inLanguage\":\"de\",\"@id\":\"https:\/\/kiga-prappach.de\/#\/schema\/logo\/image\/\",\"url\":\"https:\/\/kiga-prappach.de\/wp-content\/uploads\/2021\/02\/cropped-cropped-Icon-Website-e1614960864949.jpg\",\"contentUrl\":\"https:\/\/kiga-prappach.de\/wp-content\/uploads\/2021\/02\/cropped-cropped-Icon-Website-e1614960864949.jpg\",\"width\":50,\"height\":50,\"caption\":\"Kindergarten St. Michael\"},\"image\":{\"@id\":\"https:\/\/kiga-prappach.de\/#\/schema\/logo\/image\/\"}}]}<\/script>\n<!-- \/ Yoast SEO plugin. -->","yoast_head_json":{"title":"Unsere Leits\u00e4tze - Kindergarten St. Michael","robots":{"index":"index","follow":"follow","max-snippet":"max-snippet:-1","max-image-preview":"max-image-preview:large","max-video-preview":"max-video-preview:-1"},"canonical":"https:\/\/kiga-prappach.de\/?page_id=206","og_locale":"de_DE","og_type":"article","og_title":"Unsere Leits\u00e4tze - Kindergarten St. Michael","og_description":"F\u00fcr die Entwicklung eine Kindes ist es wichtig, Hilfestellungen zu geben die es dem Kind erm\u00f6glichen, eigene Erfahrungen zu machen. &hellip;","og_url":"https:\/\/kiga-prappach.de\/?page_id=206","og_site_name":"Kindergarten St. Michael","article_modified_time":"2021-05-04T12:28:59+00:00","twitter_card":"summary_large_image","twitter_misc":{"Gesch\u00e4tzte Lesezeit":"2\u00a0Minuten"},"schema":{"@context":"https:\/\/schema.org","@graph":[{"@type":"WebPage","@id":"https:\/\/kiga-prappach.de\/?page_id=206","url":"https:\/\/kiga-prappach.de\/?page_id=206","name":"Unsere Leits\u00e4tze - Kindergarten St. Michael","isPartOf":{"@id":"https:\/\/kiga-prappach.de\/#website"},"datePublished":"2021-03-20T11:05:41+00:00","dateModified":"2021-05-04T12:28:59+00:00","breadcrumb":{"@id":"https:\/\/kiga-prappach.de\/?page_id=206#breadcrumb"},"inLanguage":"de","potentialAction":[{"@type":"ReadAction","target":["https:\/\/kiga-prappach.de\/?page_id=206"]}]},{"@type":"BreadcrumbList","@id":"https:\/\/kiga-prappach.de\/?page_id=206#breadcrumb","itemListElement":[{"@type":"ListItem","position":1,"name":"Startseite","item":"https:\/\/kiga-prappach.de\/"},{"@type":"ListItem","position":2,"name":"Unsere Leits\u00e4tze"}]},{"@type":"WebSite","@id":"https:\/\/kiga-prappach.de\/#website","url":"https:\/\/kiga-prappach.de\/","name":"Kindergarten St. Michael","description":"","publisher":{"@id":"https:\/\/kiga-prappach.de\/#organization"},"potentialAction":[{"@type":"SearchAction","target":{"@type":"EntryPoint","urlTemplate":"https:\/\/kiga-prappach.de\/?s={search_term_string}"},"query-input":{"@type":"PropertyValueSpecification","valueRequired":true,"valueName":"search_term_string"}}],"inLanguage":"de"},{"@type":"Organization","@id":"https:\/\/kiga-prappach.de\/#organization","name":"Kindergarten St. Michael","url":"https:\/\/kiga-prappach.de\/","logo":{"@type":"ImageObject","inLanguage":"de","@id":"https:\/\/kiga-prappach.de\/#\/schema\/logo\/image\/","url":"https:\/\/kiga-prappach.de\/wp-content\/uploads\/2021\/02\/cropped-cropped-Icon-Website-e1614960864949.jpg","contentUrl":"https:\/\/kiga-prappach.de\/wp-content\/uploads\/2021\/02\/cropped-cropped-Icon-Website-e1614960864949.jpg","width":50,"height":50,"caption":"Kindergarten St. Michael"},"image":{"@id":"https:\/\/kiga-prappach.de\/#\/schema\/logo\/image\/"}}]}},"jetpack_sharing_enabled":true,"_links":{"self":[{"href":"https:\/\/kiga-prappach.de\/index.php?rest_route=\/wp\/v2\/pages\/206","targetHints":{"allow":["GET"]}}],"collection":[{"href":"https:\/\/kiga-prappach.de\/index.php?rest_route=\/wp\/v2\/pages"}],"about":[{"href":"https:\/\/kiga-prappach.de\/index.php?rest_route=\/wp\/v2\/types\/page"}],"author":[{"embeddable":true,"href":"https:\/\/kiga-prappach.de\/index.php?rest_route=\/wp\/v2\/users\/1"}],"replies":[{"embeddable":true,"href":"https:\/\/kiga-prappach.de\/index.php?rest_route=%2Fwp%2Fv2%2Fcomments&post=206"}],"version-history":[{"count":7,"href":"https:\/\/kiga-prappach.de\/index.php?rest_route=\/wp\/v2\/pages\/206\/revisions"}],"predecessor-version":[{"id":502,"href":"https:\/\/kiga-prappach.de\/index.php?rest_route=\/wp\/v2\/pages\/206\/revisions\/502"}],"wp:attachment":[{"href":"https:\/\/kiga-prappach.de\/index.php?rest_route=%2Fwp%2Fv2%2Fmedia&parent=206"}],"curies":[{"name":"wp","href":"https:\/\/api.w.org\/{rel}","templated":true}]}}